s divided by 86.
82
Let l be 478 - 1*5/(-30)*0. Let d = l - 461. Calculate the remainder when 440 is divided by d.
15
Let x(s) = 3*s**2 - 25*s - 44. What is the remainder when 1050 is divided by x(12)?
82
Let t = -9450 - -9466. What is the remainder when 10287 is divided by t?
15
Suppose 17*f - 49 = -u + 22*f, u - 4*f = 46. What is the remainder when 4385 is divided by u?
33
Let h(l) = 21*l - 45. Let u(m) = -23*m + 45. Let z(q) = 3*h(q) + 2*u(q). Calculate the remainder when z(5) is divided by 3.
1
Let j = -4 - -7. What is the remainder when 12/(-16) + (-861)/(-12) is divided by (-2 + (4 - j))/((-1)/18)?
17
Let r = -496 + 500. Suppose 0 = n + 5*h - 34, -r*n + h = -0*h - 199. Calculate the remainder when n is divided by 40.
9
Let i = -95 - -98. Suppose 0 = 4*k + 5*q - 252, -4*q - 100 = k - i*k. What is the remainder when 405 is divided by k?
57
Let w = 553 + -325. Suppose -2*f = 4*t - 472, 0 = 2*t - 0*f + 5*f - w. Calculate the remainder when t is divided by 61.
58
Calculate the remainder when (3/6 - 0) + (-191)/(-2) is divided by 12/(-8) - (-1 + 129/(-6)).
12
Suppose 2*m + k = 369, 743 = 4*m - 2*k + 3*k. Let g = 203 - m. Calculate the remainder when g is divided by 8.
0
Let y = 12100 + -12037. Calculate the remainder when 735 is divided by y.
42
Suppose 4*v - 42 = -l, 4*v + 14 = l - 12. Let z(d) = -d**2 - 35*d + 17. What is the remainder when z(-30) is divided by l?
31
Suppose 65*a = -27*a + 2668. Let f = 41 - -44. Calculate the remainder when f is divided by a.
27
Let a be -13*(-4 - -1 - 0). Suppose -a = -9*k + 6. Suppose 2*z = k*z - 84. Calculate the remainder when 83 is divided by z.
27
Suppose 0 = -117*q + 122*q - 3*f - 63, -3*q = -3*f - 39. What is the remainder when 1 + (3 + 0)*(17 + 0) is divided by q?
4
Suppose -3*j = 5*n - 1 - 34, 5*j = -5*n + 45. Let h = -383 - -395. Calculate the remainder when 46*2/n*1 is divided by h.
11
Suppose 3*x - 16*q - 847 = -20*q, 4*q - 277 = -x. Calculate the remainder when x is divided by 2*(-14)/(-1) + -2.
25
Let q = 14 - 1. Calculate the remainder when (-97)/(-2 - (-2 - -1)) - 9 is divided by q.
10
Suppose i + 5*x - 706 = 4*x, -4*i + 2784 = -4*x. What is the remainder when i is divided by (-51)/(-2) + 16/32?
25
Let c = 6471 + -6469. What is the remainder when 1350 is divided by c?
0
Let f be 3/((-2)/(3/(6/(-4)))). Suppose -3*x - n = -22, 3*x - 34 = -x + n. Suppose f*i - 4*i = -x. What is the remainder when 28 is divided by i?
4
Let c = 4963 - 4841. What is the remainder when 260 is divided by c?
16
Let k = -34 - -1444. Calculate the remainder when k is divided by 235.
0
What is the remainder when 17862 is divided by 8/18 - ((102544/(-117))/17 - 4)?
54
Suppose 4*p + 147 = -5*f + 4*f, -p - 132 = f. Let q = f - -237. Calculate the remainder when q is divided by (-6 - (-93)/3) + (-24)/(-6).
23
Suppose 0 = -6*l + 472 + 2426. Let y = -467 + l. What is the remainder when 20 is divided by y?
4
Calculate the remainder when 5 - 212/44 - (6 + (-5756)/44) is divided by 4.
1
Calculate the remainder when 121 is divided by ((-3)/2)/(((-1428)/1568)/17).
9
Let z(u) = -u**3 - 4*u**2 + 29*u - 19. Calculate the remainder when 332 is divided by z(3).
2
Suppose 4*y - 22 = 3*y. Suppose z - 25 = 5*t, 2*z + 5*t = t + y. What is the remainder when ((-253)/22)/(2/(-4)) is divided by z?
8
What is the remainder when ((-7)/((-189)/(-12)))/((-46)/12627) is divided by (-2 - -2)/(-1) - -42?
38
Suppose 14*t - 29970 = 2*t + 6*t. What is the remainder when t is divided by 49?
46
Suppose 5*y - 3*y + 4 = 0, 4*c = 2*y - 24. Let m(j) = 2*j**2 + 12*j + 11. Suppose 7*f = -2*f + 891. Calculate the remainder when f is divided by m(c).
24
Let x(h) = h**2 - 4*h + 8. Let v be x(2). Suppose 4*w - w + 3*i - 81 = 0, 5*i = v*w - 144. Let a = w - 24. Calculate the remainder when 20 is divided by a.
6
Suppose -124*w = -147*w + 483. Calculate the remainder when 6970 is divided by w.
19
Let l(p) = 17*p**2 + 329*p - 209. What is the remainder when 11328 is divided by l(-20)?
9
Suppose 3*i + 264 = 3*n + 1062, -n + 523 = 2*i. Suppose 4*p = -2*k + 208, 2*p = 7*p - 4*k - 273. Calculate the remainder when i is divided by p.
51
Let d = 82 - 76. Let k be (508 - 3)*d/30. Let w = k - 78. What is the remainder when 45 is divided by w?
22
Suppose 24*f - 224 = -4*f. What is the remainder when -2 - (4/(8/(-6)) - 16) is divided by f?
1
Let j be 194/(-4)*(6/3 - 4). Suppose -2*s - 2*a = -162, j = s + 4*a + 10. Calculate the remainder when s is divided by 11.
2
Let p be (12 - 0)/((-54)/(-36)). Suppose 0 = 3*g + 14 - 2. What is the remainder when ((-26)/4)/(g/p) is divided by 7?
6
Let y(n) = 12*n**3 - 9*n**3 - 9*n - 10 + 9 + 3*n - n**2. Calculate the remainder when 142 is divided by y(3).
36
Let f = -341 + 348. Suppose a - 11 + f = 0. What is the remainder when 15 is divided by a?
3
Let y = 167 - 115. Calculate the remainder when (-166)/(-3) + 4/(-12) is divided by (7/(-2))/((-13)/y).
13
Suppose -s + 9 - 3 = 2*w, -2*s + 6 = 2*w. Let x be -1 + 9 + -4 + s. Suppose 3*i - x*c = 0, 7*c = 5*c + 6. Calculate the remainder when 8 is divided by i.
0
Suppose 14*a - 954 = -478. Calculate the remainder when 51 is divided by a.
17
Suppose 2*u + 0 + 10 = 0. Let z be ((-4)/u)/((-82)/20 + 4). Let o = z - -53. Calculate the remainder when o is divided by 4.
1
Let m = -2525 + 2539. Suppose 5*d = 250 + 20. What is the remainder when d is divided by m?
12
What is the remainder when 5937/(-2)*330/(-495) is divided by 33?
32
Let h(v) = v**2 + 4*v - 2. Let i be h(2). Let z be (-24 + 26)*i/4. Suppose d - 3 = 4*l + 106, -z*d = 3*l - 545. Calculate the remainder when d is divided by 11.
10
Suppose -2*s = -f - 127, 2*f = 4*f + 2. What is the remainder when s is divided by 52?
11
Let l(z) = 3*z**2 - 38*z + 224. Calculate the remainder when l(25) is divided by 25.
24
Let h = 99 + -130. Let d = h + 34. Calculate the remainder when 20 is divided by 3 - (-1 - (-4 + d)).
2
Let p(a) = -3*a**2 - 32*a + 1. What is the remainder when (11/(-5) + 7/35)*-40 is divided by p(-10)?
17
Suppose 21*x = -15*x - 6*x + 5418. What is the remainder when x is divided by 116?
13
Let n = -47 + 49. Suppose n*d = 2*i - 136, 5*i - 5*d = -d + 337. Suppose 2*p - 33 = -o, 4*o - 14*p = -18*p + 132. What is the remainder when i is divided by o?
32
Suppose 0 = 3*l + 2*w - 3, 0 = -3*l - 2*w + 5*w - 12. Let k(g) = 166*g**2 - 6*g - 5. What is the remainder when k(l) is divided by 43?
38
Let i(x) = 4*x**3 + x + 1. Suppose h = -23 + 22. Let r be i(h). Calculate the remainder when 93 is divided by r/(-6) + 1704/36.
45
What is the remainder when (165 + -167)*2441*-1 is divided by 44?
42
Let x = 7589 + -5005. Calculate the remainder when x is divided by 199.
196
Suppose 0 = -86*o + 66*o + 240. Calculate the remainder when 129 is divided by o.
9
Let f(k) = -k**3 - 40*k**2 - 170*k - 79. Calculate the remainder when 14972 is divided by f(-4).
22
Suppose 4*q + 180 = q + 3*k, -111 = 2*q - 5*k. Let f = -22 - q. Calculate the remainder when f is divided by 26.
15
Let f(y) = 3*y**2 + 112*y - 51. Let n be f(-38). Calculate the remainder when 152 is divided by n + (-6)/((-6)/7).
24
Suppose 31*i = 28*i + b + 831, 5*b = -3*i + 795. Calculate the remainder when 550 is divided by i.
0
Suppose -4*h = -5*m + 112, -3*m + 11*m = h + 163. What is the remainder when 275 is divided by m?
15
Let q(z) be the first derivative of 8*z + 3 + 2/3*z**3 + 9/2*z**2. What is the remainder when 34 is divided by q(-5)?
8
Suppose 0*v + 32 = 2*v - 4*q, 4*q = -3*v + 28. Let k = 54 + 29. What is the remainder when k is divided by v?
11
Let k(r) = -r**3 + 8*r**2 - 3*r + 9. Let n be k(4). Let p = -71 + n. Let f = 85 - p. What is the remainder when f is divided by 32?
31
Let g = 179 - 156. Suppose 38*c = g*c + 1785. Calculate the remainder when c is divided by 15.
14
Let g = 7 + -2. What is the remainder when (24 + -8 - 25) + 30 is divided by g?
1
Let n(o) = -5*o + 20. Let f(y) = 2*y - 7. Let q(l) = -11*f(l) - 4*n(l). Let b be q(-1). Calculate the remainder when 4 is divided by 15/(-10)*b/(-6)*-4.
0
Let b be 2/1*58/(-4). Let s(l) = 4*l + 171. Calculate the remainder when 108 is divided by s(b).
53
Let n(h) = -h**3 + 22*h**2 + h + 45. Let k be n(22). Suppose k = 5*y - 63. Calculate the remainder when 233 is divided by y.
25
Suppose 17 = -4*s + 6*s - 43. What is the remainder when 1